{"id":5176,"date":"2024-05-30T17:16:50","date_gmt":"2024-05-30T17:16:50","guid":{"rendered":"https:\/\/proeuropa.ro\/v2\/?page_id=5176"},"modified":"2024-05-30T18:46:14","modified_gmt":"2024-05-30T18:46:14","slug":"nacionalizmus-vagy-demokracia","status":"publish","type":"page","link":"https:\/\/proeuropa.ro\/v2\/nacionalizmus-vagy-demokracia\/","title":{"rendered":"Nacionalizmus vagy demokr\u00e1cia ?"},"content":{"rendered":"\t\t<div data-elementor-type=\"wp-page\" data-elementor-id=\"5176\" class=\"elementor elementor-5176\">\n\t\t\t\t<div class=\"elementor-element elementor-element-fe0da9b e-flex e-con-boxed e-con e-parent\" data-id=\"fe0da9b\" data-element_type=\"container\" data-e-type=\"container\">\n\t\t\t\t\t<div class=\"e-con-inner\">\n\t\t\t\t<div class=\"elementor-element elementor-element-ce86260 elementor-widget elementor-widget-image\" data-id=\"ce86260\" data-element_type=\"widget\" data-e-type=\"widget\" data-widget_type=\"image.default\">\n\t\t\t\t<div class=\"elementor-widget-container\">\n\t\t\t\t\t\t\t\t\t\t\t\t\t\t\t<img decoding=\"async\" src=\"https:\/\/proeuropa.ro\/v2\/wp-content\/uploads\/elementor\/thumbs\/s-roth-endre_nacionalizmus-vagy-demokratizmus_2000-qoxkk8nf18dq6vxe254b1pg5gtiigqr1ifbz093r2o.jpg\" title=\"s-roth-endre_nacionalizmus-vagy-demokratizmus_2000\" alt=\"s-roth-endre_nacionalizmus-vagy-demokratizmus_2000\" loading=\"lazy\" \/>\t\t\t\t\t\t\t\t\t\t\t\t\t\t\t<\/div>\n\t\t\t\t<\/div>\n\t\t\t\t<div class=\"elementor-element elementor-element-b9bdd8f elementor-widget elementor-widget-text-editor\" data-id=\"b9bdd8f\" data-element_type=\"widget\" data-e-type=\"widget\" data-widget_type=\"text-editor.default\">\n\t\t\t\t<div class=\"elementor-widget-container\">\n\t\t\t\t\t\t\t\t\t<h2 class=\"western\" align=\"left\">Nacionalizmus vagy demokr\u00e1cia ?<\/h2><p class=\"western\" align=\"left\"><span style=\"text-decoration: underline;\"><a href=\"https:\/\/proeuropa.ro\/v2\/wp-content\/uploads\/2024\/05\/roth-endre_nacionalizmus-vagy-demokratizmus_2000.pdf\">roth-endre_nacionalizmus-vagy-demokratizmus_2000<\/a><\/span><\/p><p>TARTALOMJEGYZ\u00c9K<\/p><p>EL\u0151sz\u00f3 11<\/p><p>ELS\u0150 R\u00c9SZ: A NACIONALIZMUS 13<\/p><p><b>I. NEMZETI T<\/b><b>\u00d6<\/b><b>BBSEG <\/b><b>\u00c9<\/b><b>S ETNIKAI KISEBBS<\/b><b>\u00c9<\/b><b>GEK:<\/b><\/p><p><b>URALOM VAGY DEMOKR\u00e1CIA?<\/b> 15<\/p><p>I. A nemzet \u00e9s a nemzeti k\u00e9rd\u00e9s a modern t\u00e1rsadalomban 15<br \/>2. T\u00f6bbs\u00e9g \u00e9s kisebbs\u00e9gek Rom\u00e1ni\u00e1ban: szocio-demogr\u00e1fiai adatok \u00e9s t\u00e1rsadalmi problem\u00e1k 19<br \/>3. A nacionalizmus: antidemokratizmus, antimodernizmus, nyugat-elleness\u00e9g 25<br \/>4. A nacionalista paradigma 32<br \/>5. Nacionalizmus \u00e9s antidemokratizmus: bal,jobb, bal 34<\/p><p><b>II<\/b><b>. ETNIKAI EL<\/b><b>\u0150I<\/b><b>T<\/b><b>\u00c9<\/b><b>LET <\/b><b>\u00c9<\/b><b>S NEMZETI SAJ\u00e1TOSS<\/b><b>\u00c1<\/b><b>G<\/b> 40<\/p><p>I. Az etnikai el\u0151\u00edt\u00e9let gy\u00f6kerei 42<br \/>2. Xenofobia \u00e9s uralom\/al\u00e1vetetts\u00e9g 40<br \/>3. Etnocentrizmus \u00e9s nemzeti lelk\u00fclet 51<br \/>4. Rom\u00e1n vit\u00e1k tegnap \u00e9s ma 59<br \/>5. Van-e az etnikai el\u0151it\u00e9letnek ellenszere? 70<\/p><p><b>III. ,,J<\/b><b>\u00d3<\/b><b>&#8221; <\/b><b>\u00c9<\/b><b>S \u201eROSSZ&#8221; NACIONALIZMUS? TERMINOLOGIAI <\/b><b>\u00c9<\/b><b>S FOGALMI ELHAT<\/b><b>\u00c1<\/b><b>ROL<\/b><b>\u00c1<\/b><b>SOK<\/b> 74<\/p><p>I. \u00d6nazonoss\u00e1g \u00e9s etnicit\u00e1s 74<br \/>2. A j\u00f3 \u00e9s a \u201erossz&#8221; nacionalizmus 77<br \/>3. Az etnikai identit\u00e1s tudata \u00e9s a nacionalizmus 79<br \/>4. A nacionalizmus &#8211; kfserlet egy fogalmi meghat\u00e1roz\u00e1sra 81<br \/>5. Etnokr\u00e1cia \u00e9s nemzeti \u00e1llam 82<\/p><p><a href=\"https:\/\/biblioteca-digitala.ro\/\"><span style=\"text-decoration: underline;\">https:\/\/biblioteca-digitala.ro<\/span><\/a><br \/><br \/><b>IV ETNONACIONALIZMUS-A ROM<\/b><b>\u00c1<\/b><b>N V<\/b><b>\u00c1<\/b><b>LTOZAT<\/b> 89<\/p><p>I. Bevezet\u0151 gondolatok 89<br \/>2. A m\u00falt terhe 91<br \/>3. Etnicit\u00e1s \u00e9s nacionalizmus 100<br \/>4. A jelenkori nacionalizmus hordoz\u00f3i 108<br \/>5. Z\u00e1r\u00f3 gondolatok 111<\/p><p>M\u00c1SODIK R\u00c9SZ: A KISEBBS\u00c9GEK 115<\/p><p><b>V IDENTIT<\/b><b>\u00c1<\/b><b>S <\/b><b>\u00c9<\/b><b>S ASSZIMIL<\/b><b>\u00c1<\/b><b>CI<\/b><b>\u00d3 (<\/b><b>A ROM<\/b><b>\u00c1<\/b><b>NIAI MAGYAROK)<\/b> 117<\/p><p>I. A t\u00f6rt\u00e9nelem, r\u00f6viden 117<br \/>2. ldentit\u00e1s 119<br \/>3. Asszimilaci\u00f3 124<br \/>4. Z\u00e1r\u00f3 gondolatok131<\/p><p><b>VI. N<\/b><b>\u00c9<\/b><b>MET IDENTIT<\/b><b>\u00c1S<\/b><b>, N<\/b><b>\u00c9<\/b><b>MET SZENVED<\/b><b>\u00c9<\/b><b>S, N<\/b><b>\u00c9<\/b><b>MET NACIONALIZMUS<\/b> 135<\/p><p>I. T\u00f6rt\u00e1nelmi keret 135<br \/>2. A sz\u00e1szok deport\u00e1l\u00e1sa 137<br \/>3. Post scriptum 148<br \/>4.Esettanulm\u00e1ny: a d\u00edcstelen mult tudata 151<\/p><p><b>VII. EMANCIP<\/b><b>\u00c1<\/b><b>CI<\/b><b>\u00d3<\/b><b>,ASSZIMIL<\/b><b>\u00c1<\/b><b>CI<\/b><b>\u00d3<\/b><b>, ZSID<\/b><b>\u00d3<\/b><b> IDENTIT<\/b><b>\u00c1<\/b><b>S<\/b> 157<\/p><p>I. Emancip\u00e1ci\u00f3 158<br \/>2. Asszimil\u00e1ci\u00f3 161<br \/>3. ldentit\u00e1s 165<br \/>4. Esettanulm\u00e1ny: Egy csal\u00e1d-kr\u00f3nika 174<\/p><p><b>VIII. Kl \u201eHOZTA BE&#8221; A KOMMUNIZMUST ROM<\/b><b>\u00c1<\/b><b>NI<\/b><b>\u00c1<\/b><b>BA?<\/b> 183<\/p><p>I. A zsid\u00f3k t\u00falreprezent\u00e1lts\u00e1ga a k\u00fcl\u00f6nb\u00f6z\u0151 ter\u00fcleteken 184<br \/>2. Zsid\u00f3k a kommunista p\u00e1rtban 186<br \/>3. A zsid\u00f3k t\u00falreprezent\u00e1lts\u00e1ga a p\u00e1rt \u00e1llami vezet\u00e9sben 189<br \/>4. Egyes zsid\u00f3k kommunista opci\u00f3j\u00e1nak motiv\u00e1ci\u00f3ja 195<\/p><p><b>IX. AZ ANTISZEMITIZMUSR<\/b><b>\u00d3<\/b><b>L<\/b> 200<\/p><p>I. Bevezet\u0151 \u00e9szrev\u00e9telek 20I<br \/>2. A n\u00e9pi antiszemitizmus 204<br \/>3. Az \u00e1llami antiszemitizmus 208<br \/>4. A retorikus antiszemitizmus 226<br \/>5. Z\u00e1r\u00f3gondolatok 237<\/p><p><b>X. INTERKULTURALIT<\/b><b>\u00c1S<\/b><b> <\/b><b>\u00c9<\/b><b>S MULTIKULTURALIT<\/b><b>\u00c1<\/b><b>S<\/b> 241<\/p><p>I. lnterkulturalit\u00e1s 242<\/p><p><a href=\"https:\/\/biblioteca-digitala.ro2\/\"><span style=\"text-decoration: underline;\">https:\/\/biblioteca-digitala.ro2<\/span><\/a><\/p><p>Multikulturalit\u00e1s 248<br \/>Esettanulm\u00e1ny: a B\u00e1ns\u00e1g- interkulturalit\u00e1s, \u00e9s\/vagy etnikai polariz\u00e1ci\u00f3 254<br \/>Esettanulm\u00e1ny: a multikultur\u00e1lis egyetem 259<\/p><p><strong>XI. EGY MARGIN\u00e1LIS KISEBBS\u00c9G: A ROM\u00c1NIAI ROM\u00c1K<\/strong> 273<\/p><p>I . H\u00e1ny roma \u00e9l Rom\u00e1ni\u00e1ban? 275<br \/>2. A diszkrimin\u00e1ci\u00f3 r\u00f6vid t\u00f6rt\u00e9nete 282<br \/>3. A rom\u00e1k a jelenben 291<br \/>4. K\u00f6vetkeztet\u00e9sk\u00e9ppen 302<br \/><br \/>HARMADIK R\u00c9SZ: K\u00d6VETKEZM\u00c9NYEK 307<\/p><p><b>XII. MENNI VAGY MARADNI? EMIGR<\/b><b>\u00c1<\/b><b>CI<\/b><b>\u00d3<\/b><b> ROM<\/b><b>\u00c1<\/b><b>NI<\/b><b>\u00c1<\/b><b>B<\/b><b>\u00d3<\/b><b>L <\/b> 309<\/p><p>I . Bevezet\u0151 megjegyz\u00e9sek 309<br \/>2. Rom\u00e1nok kiv\u00e1ndorl\u00e1sa 312<br \/>3. Kisebbs\u00e9giek kiv\u00e1ndorl\u00e1sa 315<br \/>4. A kiv\u00e1ndorl\u00e1s motiv\u00e1ci\u00f3ja \u00e9s k\u00f6r\u00fclm\u00e9nyei 324<\/p><p><b>XIII. INTEGR<\/b><b>\u00c1<\/b><b>CI<\/b><b>\u00d3<\/b><b>, MODERNIZ<\/b><b>\u00c1<\/b><b>CI<\/b><b>\u00d3<\/b><b>, DEMOKRATIZ<\/b><b>\u00c1<\/b><b>CI<\/b><b>\u00d3<\/b> 330<\/p><p>I . Az integr\u00e1ci\u00f3 sz\u00fcks\u00e9gess\u00e9ge 331<br \/>2. A Nyugat \u00e9rdeke 332<br \/>3. Halaszt\u00e1s &#8211; mi\u00e9rt? 333<br \/>4. A fejl\u0151d\u00e9s strategi\u00e1ja: moderniz\u00e1ci\u00f3, demokratiz\u00e1ci\u00f3 337<\/p><p>CONTENTS 350<br \/>INHAI.T 352<br \/>TABU&#8217; DES MATIFRES 354<br \/>CUPRINS 356<\/p><p>\u00a0<\/p>\t\t\t\t\t\t\t\t<\/div>\n\t\t\t\t<\/div>\n\t\t\t\t\t<\/div>\n\t\t\t\t<\/div>\n\t\t\t\t<\/div>\n\t\t","protected":false},"excerpt":{"rendered":"<p>Nacionalizmus vagy demokr\u00e1cia ? roth-endre_nacionalizmus-vagy-demokratizmus_2000 TARTALOMJEGYZ\u00c9K EL\u0151sz\u00f3 11 ELS\u0150 R\u00c9SZ: A NACIONALIZMUS 13 I. NEMZETI T\u00d6BBSEG \u00c9S ETNIKAI KISEBBS\u00c9GEK: URALOM VAGY DEMOKR\u00e1CIA? 15 I. A nemzet \u00e9s a nemzeti k\u00e9rd\u00e9s a modern t\u00e1rsadalomban 152. T\u00f6bbs\u00e9g \u00e9s kisebbs\u00e9gek Rom\u00e1ni\u00e1ban: szocio-demogr\u00e1fiai adatok \u00e9s t\u00e1rsadalmi problem\u00e1k 193. A nacionalizmus: antidemokratizmus, antimodernizmus, nyugat-elleness\u00e9g 254. A nacionalista paradigma 325. Nacionalizmus [&hellip;]<\/p>\n","protected":false},"author":2,"featured_media":0,"parent":0,"menu_order":0,"comment_status":"closed","ping_status":"closed","template":"prysm-elementor-full-width.php","meta":{"footnotes":""},"class_list":["post-5176","page","type-page","status-publish","hentry"],"yoast_head":"<!-- This site is optimized with the Yoast SEO plugin v27.4 - https:\/\/yoast.com\/product\/yoast-seo-wordpress\/ -->\n<title>Nacionalizmus vagy demokr\u00e1cia ? - Liga Pro Europa<\/title>\n<meta name=\"robots\" content=\"index, follow, max-snippet:-1, max-image-preview:large, max-video-preview:-1\" \/>\n<link rel=\"canonical\" href=\"https:\/\/proeuropa.ro\/v2\/nacionalizmus-vagy-demokracia\/\" \/>\n<meta property=\"og:locale\" content=\"en_US\" \/>\n<meta property=\"og:type\" content=\"article\" \/>\n<meta property=\"og:title\" content=\"Nacionalizmus vagy demokr\u00e1cia ? - Liga Pro Europa\" \/>\n<meta property=\"og:description\" content=\"Nacionalizmus vagy demokr\u00e1cia ? roth-endre_nacionalizmus-vagy-demokratizmus_2000 TARTALOMJEGYZ\u00c9K EL\u0151sz\u00f3 11 ELS\u0150 R\u00c9SZ: A NACIONALIZMUS 13 I. NEMZETI T\u00d6BBSEG \u00c9S ETNIKAI KISEBBS\u00c9GEK: URALOM VAGY DEMOKR\u00e1CIA? 15 I. A nemzet \u00e9s a nemzeti k\u00e9rd\u00e9s a modern t\u00e1rsadalomban 152. T\u00f6bbs\u00e9g \u00e9s kisebbs\u00e9gek Rom\u00e1ni\u00e1ban: szocio-demogr\u00e1fiai adatok \u00e9s t\u00e1rsadalmi problem\u00e1k 193. A nacionalizmus: antidemokratizmus, antimodernizmus, nyugat-elleness\u00e9g 254. A nacionalista paradigma 325. Nacionalizmus [&hellip;]\" \/>\n<meta property=\"og:url\" content=\"https:\/\/proeuropa.ro\/v2\/nacionalizmus-vagy-demokracia\/\" \/>\n<meta property=\"og:site_name\" content=\"Liga Pro Europa\" \/>\n<meta property=\"article:modified_time\" content=\"2024-05-30T18:46:14+00:00\" \/>\n<meta property=\"og:image\" content=\"https:\/\/proeuropa.ro\/v2\/wp-content\/uploads\/elementor\/thumbs\/s-roth-endre_nacionalizmus-vagy-demokratizmus_2000-qoxkk8nf18dq6vxe254b1pg5gtiigqr1ifbyydtqf4.jpg\" \/>\n<meta name=\"twitter:card\" content=\"summary_large_image\" \/>\n<meta name=\"twitter:label1\" content=\"Est. reading time\" \/>\n\t<meta name=\"twitter:data1\" content=\"3 minutes\" \/>\n<script type=\"application\/ld+json\" class=\"yoast-schema-graph\">{\"@context\":\"https:\\\/\\\/schema.org\",\"@graph\":[{\"@type\":\"WebPage\",\"@id\":\"https:\\\/\\\/proeuropa.ro\\\/v2\\\/nacionalizmus-vagy-demokracia\\\/\",\"url\":\"https:\\\/\\\/proeuropa.ro\\\/v2\\\/nacionalizmus-vagy-demokracia\\\/\",\"name\":\"Nacionalizmus vagy demokr\u00e1cia ? - Liga Pro Europa\",\"isPartOf\":{\"@id\":\"https:\\\/\\\/proeuropa.ro\\\/v2\\\/#website\"},\"primaryImageOfPage\":{\"@id\":\"https:\\\/\\\/proeuropa.ro\\\/v2\\\/nacionalizmus-vagy-demokracia\\\/#primaryimage\"},\"image\":{\"@id\":\"https:\\\/\\\/proeuropa.ro\\\/v2\\\/nacionalizmus-vagy-demokracia\\\/#primaryimage\"},\"thumbnailUrl\":\"https:\\\/\\\/proeuropa.ro\\\/v2\\\/wp-content\\\/uploads\\\/elementor\\\/thumbs\\\/s-roth-endre_nacionalizmus-vagy-demokratizmus_2000-qoxkk8nf18dq6vxe254b1pg5gtiigqr1ifbyydtqf4.jpg\",\"datePublished\":\"2024-05-30T17:16:50+00:00\",\"dateModified\":\"2024-05-30T18:46:14+00:00\",\"breadcrumb\":{\"@id\":\"https:\\\/\\\/proeuropa.ro\\\/v2\\\/nacionalizmus-vagy-demokracia\\\/#breadcrumb\"},\"inLanguage\":\"en-US\",\"potentialAction\":[{\"@type\":\"ReadAction\",\"target\":[\"https:\\\/\\\/proeuropa.ro\\\/v2\\\/nacionalizmus-vagy-demokracia\\\/\"]}]},{\"@type\":\"ImageObject\",\"inLanguage\":\"en-US\",\"@id\":\"https:\\\/\\\/proeuropa.ro\\\/v2\\\/nacionalizmus-vagy-demokracia\\\/#primaryimage\",\"url\":\"https:\\\/\\\/proeuropa.ro\\\/v2\\\/wp-content\\\/uploads\\\/elementor\\\/thumbs\\\/s-roth-endre_nacionalizmus-vagy-demokratizmus_2000-qoxkk8nf18dq6vxe254b1pg5gtiigqr1ifbyydtqf4.jpg\",\"contentUrl\":\"https:\\\/\\\/proeuropa.ro\\\/v2\\\/wp-content\\\/uploads\\\/elementor\\\/thumbs\\\/s-roth-endre_nacionalizmus-vagy-demokratizmus_2000-qoxkk8nf18dq6vxe254b1pg5gtiigqr1ifbyydtqf4.jpg\"},{\"@type\":\"BreadcrumbList\",\"@id\":\"https:\\\/\\\/proeuropa.ro\\\/v2\\\/nacionalizmus-vagy-demokracia\\\/#breadcrumb\",\"itemListElement\":[{\"@type\":\"ListItem\",\"position\":1,\"name\":\"Prima pagin\u0103\",\"item\":\"https:\\\/\\\/proeuropa.ro\\\/v2\\\/\"},{\"@type\":\"ListItem\",\"position\":2,\"name\":\"Nacionalizmus vagy demokr\u00e1cia ?\"}]},{\"@type\":\"WebSite\",\"@id\":\"https:\\\/\\\/proeuropa.ro\\\/v2\\\/#website\",\"url\":\"https:\\\/\\\/proeuropa.ro\\\/v2\\\/\",\"name\":\"Liga Pro Europa\",\"description\":\"\",\"potentialAction\":[{\"@type\":\"SearchAction\",\"target\":{\"@type\":\"EntryPoint\",\"urlTemplate\":\"https:\\\/\\\/proeuropa.ro\\\/v2\\\/?s={search_term_string}\"},\"query-input\":{\"@type\":\"PropertyValueSpecification\",\"valueRequired\":true,\"valueName\":\"search_term_string\"}}],\"inLanguage\":\"en-US\"}]}<\/script>\n<!-- \/ Yoast SEO plugin. -->","yoast_head_json":{"title":"Nacionalizmus vagy demokr\u00e1cia ? - Liga Pro Europa","robots":{"index":"index","follow":"follow","max-snippet":"max-snippet:-1","max-image-preview":"max-image-preview:large","max-video-preview":"max-video-preview:-1"},"canonical":"https:\/\/proeuropa.ro\/v2\/nacionalizmus-vagy-demokracia\/","og_locale":"en_US","og_type":"article","og_title":"Nacionalizmus vagy demokr\u00e1cia ? - Liga Pro Europa","og_description":"Nacionalizmus vagy demokr\u00e1cia ? roth-endre_nacionalizmus-vagy-demokratizmus_2000 TARTALOMJEGYZ\u00c9K EL\u0151sz\u00f3 11 ELS\u0150 R\u00c9SZ: A NACIONALIZMUS 13 I. NEMZETI T\u00d6BBSEG \u00c9S ETNIKAI KISEBBS\u00c9GEK: URALOM VAGY DEMOKR\u00e1CIA? 15 I. A nemzet \u00e9s a nemzeti k\u00e9rd\u00e9s a modern t\u00e1rsadalomban 152. T\u00f6bbs\u00e9g \u00e9s kisebbs\u00e9gek Rom\u00e1ni\u00e1ban: szocio-demogr\u00e1fiai adatok \u00e9s t\u00e1rsadalmi problem\u00e1k 193. A nacionalizmus: antidemokratizmus, antimodernizmus, nyugat-elleness\u00e9g 254. A nacionalista paradigma 325. Nacionalizmus [&hellip;]","og_url":"https:\/\/proeuropa.ro\/v2\/nacionalizmus-vagy-demokracia\/","og_site_name":"Liga Pro Europa","article_modified_time":"2024-05-30T18:46:14+00:00","og_image":[{"url":"https:\/\/proeuropa.ro\/v2\/wp-content\/uploads\/elementor\/thumbs\/s-roth-endre_nacionalizmus-vagy-demokratizmus_2000-qoxkk8nf18dq6vxe254b1pg5gtiigqr1ifbyydtqf4.jpg","type":"","width":"","height":""}],"twitter_card":"summary_large_image","twitter_misc":{"Est. reading time":"3 minutes"},"schema":{"@context":"https:\/\/schema.org","@graph":[{"@type":"WebPage","@id":"https:\/\/proeuropa.ro\/v2\/nacionalizmus-vagy-demokracia\/","url":"https:\/\/proeuropa.ro\/v2\/nacionalizmus-vagy-demokracia\/","name":"Nacionalizmus vagy demokr\u00e1cia ? - Liga Pro Europa","isPartOf":{"@id":"https:\/\/proeuropa.ro\/v2\/#website"},"primaryImageOfPage":{"@id":"https:\/\/proeuropa.ro\/v2\/nacionalizmus-vagy-demokracia\/#primaryimage"},"image":{"@id":"https:\/\/proeuropa.ro\/v2\/nacionalizmus-vagy-demokracia\/#primaryimage"},"thumbnailUrl":"https:\/\/proeuropa.ro\/v2\/wp-content\/uploads\/elementor\/thumbs\/s-roth-endre_nacionalizmus-vagy-demokratizmus_2000-qoxkk8nf18dq6vxe254b1pg5gtiigqr1ifbyydtqf4.jpg","datePublished":"2024-05-30T17:16:50+00:00","dateModified":"2024-05-30T18:46:14+00:00","breadcrumb":{"@id":"https:\/\/proeuropa.ro\/v2\/nacionalizmus-vagy-demokracia\/#breadcrumb"},"inLanguage":"en-US","potentialAction":[{"@type":"ReadAction","target":["https:\/\/proeuropa.ro\/v2\/nacionalizmus-vagy-demokracia\/"]}]},{"@type":"ImageObject","inLanguage":"en-US","@id":"https:\/\/proeuropa.ro\/v2\/nacionalizmus-vagy-demokracia\/#primaryimage","url":"https:\/\/proeuropa.ro\/v2\/wp-content\/uploads\/elementor\/thumbs\/s-roth-endre_nacionalizmus-vagy-demokratizmus_2000-qoxkk8nf18dq6vxe254b1pg5gtiigqr1ifbyydtqf4.jpg","contentUrl":"https:\/\/proeuropa.ro\/v2\/wp-content\/uploads\/elementor\/thumbs\/s-roth-endre_nacionalizmus-vagy-demokratizmus_2000-qoxkk8nf18dq6vxe254b1pg5gtiigqr1ifbyydtqf4.jpg"},{"@type":"BreadcrumbList","@id":"https:\/\/proeuropa.ro\/v2\/nacionalizmus-vagy-demokracia\/#breadcrumb","itemListElement":[{"@type":"ListItem","position":1,"name":"Prima pagin\u0103","item":"https:\/\/proeuropa.ro\/v2\/"},{"@type":"ListItem","position":2,"name":"Nacionalizmus vagy demokr\u00e1cia ?"}]},{"@type":"WebSite","@id":"https:\/\/proeuropa.ro\/v2\/#website","url":"https:\/\/proeuropa.ro\/v2\/","name":"Liga Pro Europa","description":"","potentialAction":[{"@type":"SearchAction","target":{"@type":"EntryPoint","urlTemplate":"https:\/\/proeuropa.ro\/v2\/?s={search_term_string}"},"query-input":{"@type":"PropertyValueSpecification","valueRequired":true,"valueName":"search_term_string"}}],"inLanguage":"en-US"}]}},"_links":{"self":[{"href":"https:\/\/proeuropa.ro\/v2\/wp-json\/wp\/v2\/pages\/5176","targetHints":{"allow":["GET"]}}],"collection":[{"href":"https:\/\/proeuropa.ro\/v2\/wp-json\/wp\/v2\/pages"}],"about":[{"href":"https:\/\/proeuropa.ro\/v2\/wp-json\/wp\/v2\/types\/page"}],"author":[{"embeddable":true,"href":"https:\/\/proeuropa.ro\/v2\/wp-json\/wp\/v2\/users\/2"}],"replies":[{"embeddable":true,"href":"https:\/\/proeuropa.ro\/v2\/wp-json\/wp\/v2\/comments?post=5176"}],"version-history":[{"count":4,"href":"https:\/\/proeuropa.ro\/v2\/wp-json\/wp\/v2\/pages\/5176\/revisions"}],"predecessor-version":[{"id":5187,"href":"https:\/\/proeuropa.ro\/v2\/wp-json\/wp\/v2\/pages\/5176\/revisions\/5187"}],"wp:attachment":[{"href":"https:\/\/proeuropa.ro\/v2\/wp-json\/wp\/v2\/media?parent=5176"}],"curies":[{"name":"wp","href":"https:\/\/api.w.org\/{rel}","templated":true}]}}