{"id":3428,"date":"2024-04-12T13:53:41","date_gmt":"2024-04-12T13:53:41","guid":{"rendered":"https:\/\/proeuropa.ro\/v2\/?page_id=3428"},"modified":"2024-04-12T13:55:15","modified_gmt":"2024-04-12T13:55:15","slug":"scrisoare-deschisa","status":"publish","type":"page","link":"https:\/\/proeuropa.ro\/v2\/scrisoare-deschisa\/","title":{"rendered":"Scrisoare deschis\u0103"},"content":{"rendered":"\t\t<div data-elementor-type=\"wp-page\" data-elementor-id=\"3428\" class=\"elementor elementor-3428\">\n\t\t\t\t<div class=\"elementor-element elementor-element-38ab9c24 e-flex e-con-boxed e-con e-parent\" data-id=\"38ab9c24\" data-element_type=\"container\" data-e-type=\"container\">\n\t\t\t\t\t<div class=\"e-con-inner\">\n\t\t\t\t<div class=\"elementor-element elementor-element-dac805d elementor-widget elementor-widget-text-editor\" data-id=\"dac805d\" data-element_type=\"widget\" data-e-type=\"widget\" data-widget_type=\"text-editor.default\">\n\t\t\t\t<div class=\"elementor-widget-container\">\n\t\t\t\t\t\t\t\t\t<h2 class=\"western\" align=\"left\">Scrisoare deschis\u0103<\/h2><p align=\"left\">Scrisoare deschis\u0103 c\u0103tre dr. Dorin Florea, primarul Municipiului T\u00eergu-Mure\u015f<\/p><p>Stimate Domnule Florea, <br \/><br \/>European Roma Rights Center, o organiza\u0163ie de drept de interes public, care monitorizeaz\u0103 situa\u0163ia drepturilor omului privind romii \u015fi care acord\u0103 protec\u0163ie juridic\u0103 \u00een cazuri de \u00eenc\u0103lcare a drepturilor omului, este \u00eengrijorat\u0103 de raporturile privind h\u0103r\u0163uirile \u015fi \u00eencerc\u0103rile de ghetoizare a persoanelor apar\u0163in\u00eend comunit\u0103\u0163ii rome din T\u00eergu-Mure\u015f. <br \/>ERRC a primit informa\u0163ii, conform c\u0103rora \u00een data de 7 mai 2001, s-a emis un ordin de c\u0103tre institu\u0163ia Dumneavoastr\u0103 adresat gardienilor publici prin care primarul i-a \u00eemputernicit pe ace\u015fti func\u0163ionari s\u0103 desf\u0103\u015foare \u00eendatoriri elementare de poli\u0163ie \u2014 a lua \u00een custodie pe to\u0163i cer\u015fetorii.<\/p><p align=\"left\">Aproximativ 40 de persoane de etnie rom\u0103 au fost adunate \u00een aceea\u015fi zi, duse \u00een incinta Cet\u0103\u0163ii T\u00eergu-Mure\u015f \u015fi re\u0163inute pe motiv de identificare. Cei care nu erau reziden\u0163i \u00een localitate au fost expulza\u0163i din ora\u015f. \u00cen data de 8 mai 2001, ac\u0163iunea a fost repetat\u0103 \u015fi, conform celor relatate, un num\u0103r similar de persoane au fost re\u0163inute; un num\u0103r de 70-80 de persoane au fost oprite \u00een decursul celor dou\u0103 zile, dintre care doar 2-3 au fost de etnie rom\u0103, conform celor relatate. Justificarea invocat\u0103 pentru aceast\u0103 ac\u0163iune era c\u0103 cei re\u0163inu\u0163i cer\u015feau. <br \/><br \/>Un alt incident serios, care pare a face parte din ac\u0163iunile \u00eempotriva romilor \u00eentreprinse de autorit\u0103\u0163ile municipale, a fost semnalat \u00een ziarul \u201e24 ore mure\u015fene\u201d, la data de 10 mai 2001, potrivit c\u0103ruia institu\u0163ia Dumneavoastr\u0103 a emis un ordin de evacuare a locuitorilor de etnie rom\u0103 din strada C\u0103l\u0103ra\u015fi. Autorit\u0103\u0163ile au amenin\u0163at de mai multe ori romii din strada C\u0103l\u0103ra\u015filor c\u0103 ordinul de evacuare ar putea fi pus \u00een aplicare \u00een timpul nop\u0163ii. P\u00een\u0103 la data de 28 mai 2001 evacuarea nu a avut loc. \u00cendep\u0103rtarea familiilor rome din strada C\u0103l\u0103ra\u015filor ar fi foarte regretabil\u0103, acesta fiind ultimul loc din T\u00eergu-Mure\u015f unde locuitori romi tr\u0103iesc al\u0103turi de neromi, \u00een locuin\u0163e neseparate, \u00eentr-un num\u0103r considerabil.<\/p><p align=\"left\">Rom\u00e2nia este semnatar\u0103 a unui num\u0103r de tratate privind drepturile omului, \u00eentre care Pactul interna\u0163ional cu privire la drepturile civile \u015fi politice, Conven\u0163ia interna\u0163ional\u0103 privind eliminarea tuturor formelor de discriminare rasial\u0103 \u015fi Conven\u0163ia european\u0103 a drepturilor omului. Re\u0163inerea \u015fi expulzarea for\u0163at\u0103 a unui grup de persoane reprezint\u0103, inter alia, o \u00eenc\u0103lcare a dreptului la libertate \u015fi securitate a persoanei, drept garantat de c\u0103tre articolul 19 al Pactului interna\u0163ional cu privire la drepturile civile \u015fi politice \u015fi de articolul 5 al Conven\u0163iei europene a drepturilor omului, la fel ca \u015fi re\u0163inerea f\u0103r\u0103 mandat care contravine articolului 12 al Pactului interna\u0163ional cu privire la drepturile civile \u015fi politice viz\u00eend libertatea de circula\u0163ie. Mai mult, impactul deosebit al ac\u0163iunilor de re\u0163inere \u015fi expulzare a romilor atrage responsabilitatea Rom\u00e2niei sub articolul 5 (b) \u015fi 5 (d) (i) al Conven\u0163iei europene a drepturiloromului care angajeaz\u0103 p\u0103r\u0163ile s\u0103 garanteze, f\u0103r\u0103 discriminare bazat\u0103 pe ras\u0103, securitatea persoanei \u015fi dreptul la libera circula\u0163ie aacesteia.<\/p><p align=\"left\">\u00cen leg\u0103tur\u0103 cu amenin\u0163area de evacuare a romilor care tr\u0103iesc \u00een strada C\u0103l\u0103ra\u015filor, articolul 8 (2) al Conven\u0163iei europene a drepturilor omului prevede c\u0103 orice interven\u0163ie \u00een respectarea dreptului persoanei privind domiciliul \u015fi familia trebuie s\u0103 fie \u201e\u00een concordan\u0163\u0103 cu legisla\u0163ia\u201d \u015fi \u201enecesar\u0103 \u00eentr-o societate democratic\u0103\u201d. Noi consider\u0103m c\u0103 propusa evacuare a familiilor rome din casele pe care le ocup\u0103 legal, ar constitui cert o violare a angajamentelor asumate de c\u0103tre Rom\u00e2nia \u00een aceast\u0103 privin\u0163\u0103. Asemenea \u00eencerc\u0103ri de a cur\u0103\u0163a de locuitori o zon\u0103 a ora\u015fului pe baza apartenen\u0163ei lor etnice vor constitui, de asemenea, o violare a articolului 14 coroborat cu articolul 8 din Conven\u0163ia european\u0103 a drepturilor omului, care protejeaz\u0103 dreptul persoanei la domiciliu \u015fi familie, f\u0103r\u0103 nici o discriminare pe baz\u0103 rasial\u0103.<\/p><p align=\"left\">Stimate domnule Florea, v\u0103 reamintim respectuos obliga\u0163iile Dumnoavoastr\u0103 sub legisla\u0163ia interna\u0163ional\u0103 de a \u00eendeplini responsabilit\u0103\u0163ile institu\u0163iei Dumneavostr\u0103 \u00een concordan\u0163\u0103 cu legisla\u0163ia \u015fi f\u0103r\u0103 nici o deosebire pe baz\u0103 rasial\u0103, \u015fi \u00een aceast\u0103 privin\u0163\u0103 v\u0103 solicit\u0103m s\u0103 nu mai autoriza\u0163i \u00eencerc\u0103ri de adunare a \u201ecer\u015fetorilor\u201d \u00een viitor. Mai mult, consider\u0103m c\u0103 ar trebui \u00een mod oficial \u015fi public s\u0103 retracta\u0163i amenin\u0163area evacu\u0103rii locuitorilor romi din strada C\u0103l\u0103ra\u015filor.<\/p><p align=\"right\">Cu stim\u0103, <br \/>Dimitrina Petrova <br \/>Director executiv<\/p><p>\u00a0<\/p>\t\t\t\t\t\t\t\t<\/div>\n\t\t\t\t<\/div>\n\t\t\t\t\t<\/div>\n\t\t\t\t<\/div>\n\t\t\t\t<\/div>\n\t\t","protected":false},"excerpt":{"rendered":"<p>Scrisoare deschis\u0103 Scrisoare deschis\u0103 c\u0103tre dr. Dorin Florea, primarul Municipiului T\u00eergu-Mure\u015f Stimate Domnule Florea, European Roma Rights Center, o organiza\u0163ie de drept de interes public, care monitorizeaz\u0103 situa\u0163ia drepturilor omului privind romii \u015fi care acord\u0103 protec\u0163ie juridic\u0103 \u00een cazuri de \u00eenc\u0103lcare a drepturilor omului, este \u00eengrijorat\u0103 de raporturile privind h\u0103r\u0163uirile \u015fi \u00eencerc\u0103rile de ghetoizare a [&hellip;]<\/p>\n","protected":false},"author":2,"featured_media":0,"parent":0,"menu_order":0,"comment_status":"closed","ping_status":"closed","template":"prysm-elementor-full-width.php","meta":{"footnotes":""},"class_list":["post-3428","page","type-page","status-publish","hentry"],"yoast_head":"<!-- This site is optimized with the Yoast SEO plugin v27.4 - https:\/\/yoast.com\/product\/yoast-seo-wordpress\/ -->\n<title>Scrisoare deschis\u0103 - Liga Pro Europa<\/title>\n<meta name=\"robots\" content=\"index, follow, max-snippet:-1, max-image-preview:large, max-video-preview:-1\" \/>\n<link rel=\"canonical\" href=\"https:\/\/proeuropa.ro\/v2\/scrisoare-deschisa\/\" \/>\n<meta property=\"og:locale\" content=\"en_US\" \/>\n<meta property=\"og:type\" content=\"article\" \/>\n<meta property=\"og:title\" content=\"Scrisoare deschis\u0103 - Liga Pro Europa\" \/>\n<meta property=\"og:description\" content=\"Scrisoare deschis\u0103 Scrisoare deschis\u0103 c\u0103tre dr. Dorin Florea, primarul Municipiului T\u00eergu-Mure\u015f Stimate Domnule Florea, European Roma Rights Center, o organiza\u0163ie de drept de interes public, care monitorizeaz\u0103 situa\u0163ia drepturilor omului privind romii \u015fi care acord\u0103 protec\u0163ie juridic\u0103 \u00een cazuri de \u00eenc\u0103lcare a drepturilor omului, este \u00eengrijorat\u0103 de raporturile privind h\u0103r\u0163uirile \u015fi \u00eencerc\u0103rile de ghetoizare a [&hellip;]\" \/>\n<meta property=\"og:url\" content=\"https:\/\/proeuropa.ro\/v2\/scrisoare-deschisa\/\" \/>\n<meta property=\"og:site_name\" content=\"Liga Pro Europa\" \/>\n<meta property=\"article:modified_time\" content=\"2024-04-12T13:55:15+00:00\" \/>\n<meta name=\"twitter:card\" content=\"summary_large_image\" \/>\n<meta name=\"twitter:label1\" content=\"Est. reading time\" \/>\n\t<meta name=\"twitter:data1\" content=\"3 minutes\" \/>\n<script type=\"application\/ld+json\" class=\"yoast-schema-graph\">{\"@context\":\"https:\\\/\\\/schema.org\",\"@graph\":[{\"@type\":\"WebPage\",\"@id\":\"https:\\\/\\\/proeuropa.ro\\\/v2\\\/scrisoare-deschisa\\\/\",\"url\":\"https:\\\/\\\/proeuropa.ro\\\/v2\\\/scrisoare-deschisa\\\/\",\"name\":\"Scrisoare deschis\u0103 - Liga Pro Europa\",\"isPartOf\":{\"@id\":\"https:\\\/\\\/proeuropa.ro\\\/v2\\\/#website\"},\"datePublished\":\"2024-04-12T13:53:41+00:00\",\"dateModified\":\"2024-04-12T13:55:15+00:00\",\"breadcrumb\":{\"@id\":\"https:\\\/\\\/proeuropa.ro\\\/v2\\\/scrisoare-deschisa\\\/#breadcrumb\"},\"inLanguage\":\"en-US\",\"potentialAction\":[{\"@type\":\"ReadAction\",\"target\":[\"https:\\\/\\\/proeuropa.ro\\\/v2\\\/scrisoare-deschisa\\\/\"]}]},{\"@type\":\"BreadcrumbList\",\"@id\":\"https:\\\/\\\/proeuropa.ro\\\/v2\\\/scrisoare-deschisa\\\/#breadcrumb\",\"itemListElement\":[{\"@type\":\"ListItem\",\"position\":1,\"name\":\"Prima pagin\u0103\",\"item\":\"https:\\\/\\\/proeuropa.ro\\\/v2\\\/\"},{\"@type\":\"ListItem\",\"position\":2,\"name\":\"Scrisoare deschis\u0103\"}]},{\"@type\":\"WebSite\",\"@id\":\"https:\\\/\\\/proeuropa.ro\\\/v2\\\/#website\",\"url\":\"https:\\\/\\\/proeuropa.ro\\\/v2\\\/\",\"name\":\"Liga Pro Europa\",\"description\":\"\",\"potentialAction\":[{\"@type\":\"SearchAction\",\"target\":{\"@type\":\"EntryPoint\",\"urlTemplate\":\"https:\\\/\\\/proeuropa.ro\\\/v2\\\/?s={search_term_string}\"},\"query-input\":{\"@type\":\"PropertyValueSpecification\",\"valueRequired\":true,\"valueName\":\"search_term_string\"}}],\"inLanguage\":\"en-US\"}]}<\/script>\n<!-- \/ Yoast SEO plugin. -->","yoast_head_json":{"title":"Scrisoare deschis\u0103 - Liga Pro Europa","robots":{"index":"index","follow":"follow","max-snippet":"max-snippet:-1","max-image-preview":"max-image-preview:large","max-video-preview":"max-video-preview:-1"},"canonical":"https:\/\/proeuropa.ro\/v2\/scrisoare-deschisa\/","og_locale":"en_US","og_type":"article","og_title":"Scrisoare deschis\u0103 - Liga Pro Europa","og_description":"Scrisoare deschis\u0103 Scrisoare deschis\u0103 c\u0103tre dr. Dorin Florea, primarul Municipiului T\u00eergu-Mure\u015f Stimate Domnule Florea, European Roma Rights Center, o organiza\u0163ie de drept de interes public, care monitorizeaz\u0103 situa\u0163ia drepturilor omului privind romii \u015fi care acord\u0103 protec\u0163ie juridic\u0103 \u00een cazuri de \u00eenc\u0103lcare a drepturilor omului, este \u00eengrijorat\u0103 de raporturile privind h\u0103r\u0163uirile \u015fi \u00eencerc\u0103rile de ghetoizare a [&hellip;]","og_url":"https:\/\/proeuropa.ro\/v2\/scrisoare-deschisa\/","og_site_name":"Liga Pro Europa","article_modified_time":"2024-04-12T13:55:15+00:00","twitter_card":"summary_large_image","twitter_misc":{"Est. reading time":"3 minutes"},"schema":{"@context":"https:\/\/schema.org","@graph":[{"@type":"WebPage","@id":"https:\/\/proeuropa.ro\/v2\/scrisoare-deschisa\/","url":"https:\/\/proeuropa.ro\/v2\/scrisoare-deschisa\/","name":"Scrisoare deschis\u0103 - Liga Pro Europa","isPartOf":{"@id":"https:\/\/proeuropa.ro\/v2\/#website"},"datePublished":"2024-04-12T13:53:41+00:00","dateModified":"2024-04-12T13:55:15+00:00","breadcrumb":{"@id":"https:\/\/proeuropa.ro\/v2\/scrisoare-deschisa\/#breadcrumb"},"inLanguage":"en-US","potentialAction":[{"@type":"ReadAction","target":["https:\/\/proeuropa.ro\/v2\/scrisoare-deschisa\/"]}]},{"@type":"BreadcrumbList","@id":"https:\/\/proeuropa.ro\/v2\/scrisoare-deschisa\/#breadcrumb","itemListElement":[{"@type":"ListItem","position":1,"name":"Prima pagin\u0103","item":"https:\/\/proeuropa.ro\/v2\/"},{"@type":"ListItem","position":2,"name":"Scrisoare deschis\u0103"}]},{"@type":"WebSite","@id":"https:\/\/proeuropa.ro\/v2\/#website","url":"https:\/\/proeuropa.ro\/v2\/","name":"Liga Pro Europa","description":"","potentialAction":[{"@type":"SearchAction","target":{"@type":"EntryPoint","urlTemplate":"https:\/\/proeuropa.ro\/v2\/?s={search_term_string}"},"query-input":{"@type":"PropertyValueSpecification","valueRequired":true,"valueName":"search_term_string"}}],"inLanguage":"en-US"}]}},"_links":{"self":[{"href":"https:\/\/proeuropa.ro\/v2\/wp-json\/wp\/v2\/pages\/3428","targetHints":{"allow":["GET"]}}],"collection":[{"href":"https:\/\/proeuropa.ro\/v2\/wp-json\/wp\/v2\/pages"}],"about":[{"href":"https:\/\/proeuropa.ro\/v2\/wp-json\/wp\/v2\/types\/page"}],"author":[{"embeddable":true,"href":"https:\/\/proeuropa.ro\/v2\/wp-json\/wp\/v2\/users\/2"}],"replies":[{"embeddable":true,"href":"https:\/\/proeuropa.ro\/v2\/wp-json\/wp\/v2\/comments?post=3428"}],"version-history":[{"count":4,"href":"https:\/\/proeuropa.ro\/v2\/wp-json\/wp\/v2\/pages\/3428\/revisions"}],"predecessor-version":[{"id":3432,"href":"https:\/\/proeuropa.ro\/v2\/wp-json\/wp\/v2\/pages\/3428\/revisions\/3432"}],"wp:attachment":[{"href":"https:\/\/proeuropa.ro\/v2\/wp-json\/wp\/v2\/media?parent=3428"}],"curies":[{"name":"wp","href":"https:\/\/api.w.org\/{rel}","templated":true}]}}