{"id":2158,"date":"2024-03-21T14:10:17","date_gmt":"2024-03-21T14:10:17","guid":{"rendered":"https:\/\/proeuropa.ro\/v2\/?page_id=2158"},"modified":"2024-05-23T20:16:38","modified_gmt":"2024-05-23T20:16:38","slug":"altera-25","status":"publish","type":"page","link":"https:\/\/proeuropa.ro\/v2\/altera-25\/","title":{"rendered":"Altera 25"},"content":{"rendered":"\t\t<div data-elementor-type=\"wp-page\" data-elementor-id=\"2158\" class=\"elementor elementor-2158\">\n\t\t\t\t<div class=\"elementor-element elementor-element-256f009 e-flex e-con-boxed e-con e-parent\" data-id=\"256f009\" data-element_type=\"container\" data-e-type=\"container\">\n\t\t\t\t\t<div class=\"e-con-inner\">\n\t\t\t\t<div class=\"elementor-element elementor-element-e191a54 elementor-widget elementor-widget-image\" data-id=\"e191a54\" data-element_type=\"widget\" data-e-type=\"widget\" data-widget_type=\"image.default\">\n\t\t\t\t<div class=\"elementor-widget-container\">\n\t\t\t\t\t\t\t\t\t\t\t\t\t\t\t<img decoding=\"async\" src=\"https:\/\/proeuropa.ro\/v2\/wp-content\/uploads\/elementor\/thumbs\/a25-qol5gv5btv0y0jcvqtst9bh389khrp879prqcpvky8.jpg\" title=\"a25\" alt=\"a25\" loading=\"lazy\" \/>\t\t\t\t\t\t\t\t\t\t\t\t\t\t\t<\/div>\n\t\t\t\t<\/div>\n\t\t\t\t<div class=\"elementor-element elementor-element-8b18df9 elementor-widget elementor-widget-text-editor\" data-id=\"8b18df9\" data-element_type=\"widget\" data-e-type=\"widget\" data-widget_type=\"text-editor.default\">\n\t\t\t\t<div class=\"elementor-widget-container\">\n\t\t\t\t\t\t\t\t\t<h2 class=\"western\" align=\"left\">Altera 25<\/h2><p class=\"western\" align=\"left\"><a name=\"editorial\"><\/a><br \/><a href=\"https:\/\/proeuropa.ro\/v2\/wp-content\/uploads\/2024\/05\/25_altera_X_2004_liga_Pro_Europa.pdf\"><span style=\"text-decoration: underline;\">25_altera_X_2004_liga_Pro_Europa<\/span><\/a><\/p><p><strong>Editorial<\/strong><\/p><p>Revista Altera a ajuns, iat\u0103, la zece ani de prezen\u0163\u0103 ne\u00eentrerupt\u0103 \u00een spa\u0163iul publicistic din Rom\u00e2nia.<br \/>Lu\u00eend \u00een considerare condi\u0163iile dificile \u00een care a fost editat\u0103 de-a lungul celor zece ani de la apari\u0163ia primului num\u0103r, editorii s-ar putea declara mul\u0163umi\u0163i. Chiar dac\u0103 nu am reu\u015fit s\u0103 respect\u0103m \u00eentotdeauna calendarul apari\u0163iilor, motiv pentru care cerem scuze cititorilor no\u015ftri \u00eemp\u0103timi\u0163i, Altera a continuat s\u0103 fie prezent\u0103 cu profilul ei unic pe taraba dezbaterilor publice. Dac\u0103 nu ar fi interpretat drept lips\u0103 de modestie, num\u0103rul 25 ar putea fi considerat unul (semi)jubiliar. Cele 25 de numere editate p\u00een\u0103 \u00een prezent, \u00eenseamn\u0103 cca. 5000 de pagini de text \u2013 o mic\u0103 bibliotec\u0103 de specialitate. S\u0103 ne aducem aminte de numeroasele ini\u0163iative publicistice de valoare din \u201eromanticii\u201d ani \u201990, disp\u0103rute \u00een intervalul devorator al tranzi\u0163iei \u015fi vom concede c\u0103 simpla supravie\u0163uire a \u201einstitu\u0163iei\u201d alterei poate constitui un motiv de jubila\u0163ie. Satisfac\u0163ia acestei continuit\u0103\u0163i se datoreaz\u0103 \u00een bun\u0103 m\u0103sur\u0103 generozit\u0103\u0163ii unor sponsori \u2013 cu prec\u0103dere Funda\u0163iei Heinrich B\u00f6ll din Germania \u015fi Funda\u0163iei Ch. St. Mott din SUA \u2013 care au asigurat stabilitatea financiar\u0103 a muncii redac\u0163ionale. Se datoreaz\u0103 totodat\u0103 zecilor de colaboratori de valoare \u2013 autori sau redactori \u2013 care ne-au pus la dispozi\u0163ie, adesea \u00een mod gratuit, studiile \u015fi articolele care au definit profilul calitativ al revistei. Se datoreaz\u0103, nu \u00een ultimul r\u00eend, mesajelor sutelor de cititori care \u015fi-au exprimat interesul, observa\u0163iile sau criticile fa\u0163\u0103 de con\u0163inutul revistei.<br \/>Dincolo de aceste satisfac\u0163ii, nemul\u0163umirile legate de imposibilitatea difuz\u0103rii civilizate a revistei, \u00eentr-un sistem de pia\u0163\u0103 s\u0103lbatic, ne afecteaz\u0103 \u00eens\u0103 \u015fi afecteaz\u0103 \u00een primul r\u00eend nenum\u0103ra\u0163ii cititori care se afl\u0103 \u00een imposibilitate de a avea acces la textele noastre. Venim \u00een \u00eent\u00eempinarea dorin\u0163ei acestora pun\u00eendu-le la dispozi\u0163ie, \u00eencep\u00eend cu acest num\u0103r, dar ad\u0103ug\u00eendu-le treptat \u015fi pe cele anterioare, varianta electronic\u0103 a revistei.<\/p><p>Conform promisiunii f\u0103cute \u00een editorialul num\u0103rului trecut, disecarea problemei identit\u0103\u0163ii continu\u0103 \u015fi \u00een paginile celui prezent. Complexitatea fenomenului, merg\u00eend p\u00een\u0103 la abordarea \u201edilemelor identit\u0103\u0163ii\u201d, ne oblig\u0103 la re\u0163inere atunci c\u00eend suntem tenta\u0163i de senten\u0163iozitate \u00een categorisirea indivizilor\/colectivit\u0103\u0163ilor dup\u0103 criterii \u015fablonarde, for\u0163ate sau arbitrare. Autorii acestui num\u0103r continu\u0103 s\u0103 ne dezv\u0103luie misterele identit\u0103\u0163ii \u00eencerc\u00eend s\u0103-\u015fi biruie propriile incertitudini.<br \/>Robert Parkin, spre exemplu, pune sub semnul \u00eentreb\u0103rii, din unghiul de vedere al antropologului, clasica identitate na\u0163ional\u0103 bazat\u0103 pe simpla apartenen\u0163\u0103 la un stat na\u0163ional, \u00eentr-o Europ\u0103 \u00een plin proces de integrare, redescoperind accentele cuvenite identit\u0103\u0163ilor regionale: \u201ecu toate c\u0103 autonomia \u015fi receptivitatea crescut\u0103 fa\u0163\u0103 de identit\u0103\u0163ile \u015fi revendic\u0103rile locale s\u00eent certe pentru unit\u0103\u0163ile subna\u0163ionale \u00een general [&#8230;], nu exist\u0103 nici un semn c\u0103 statele na\u0163ionale ale Europei [&#8230;] s\u00eent preg\u0103tite s\u0103-\u015fi cedeze suveranitatea c\u0103tre acestea.\u201d Tradi\u0163ionala manier\u0103 westfalian\u0103 domin\u0103 \u00eenc\u0103: \u201e&#8230;Dar chiar \u015fi a\u015fa, multe identit\u0103\u0163i, inclusiv cele na\u0163ionale din Europa secolului nou\u0103sprezece [&#8230;] au fost conduse sau impulsionate de elite\u201d \u2013 scrie autorul. R\u0103m\u00eene \u00een discu\u0163ie c\u00eet de responsabil se vor comporta \u00een acest sens elitele europene \u00een general, \u015fi cele na\u0163ionale\/regionale \u00een special. Rolul lor poate fi determinant.<br \/>Pe de alt\u0103 parte, Viktor Kar\u00e1dy ne propune o adev\u0103rat\u0103 vivisec\u0163ie a unei identit\u0103\u0163i profund dilematice: cea a evreilor maghiari de dup\u0103 Holocaust, identitate lesne recogniscibil\u0103, chiar dac\u0103 \u00een propor\u0163ii diferite, \u00een majoritatea \u0163\u0103rilor europene, cu accente speciale \u00een cele r\u0103s\u0103ritene care au parcurs \u015fi experien\u0163a comunist\u0103. Caracterul istoric al fenomenului pare evident.<br \/>Complexitatea problemei este subliniat\u0103 \u015fi prin studiul de caz al lui Florin Anghel referitor la contenciosul identitar polono-slovac al comunit\u0103\u0163ii \u201etutajszy\u201d din Bucovina, aprig instrumentat politic \u00eentr-o anumit\u0103 perioad\u0103 istoric\u0103, o identitate dual\u0103 devenit\u0103 conflictual\u0103 prin manipulare.<br \/>Fidel\u0103 programului s\u0103u de a analiza \u015fi dezbate problemele delicate ale vie\u0163ii sociale \u2013 prelu\u00eend oarecum \u015fi din misiunea revistei Provincia care regretabil \u015fi, sper\u0103m, temporar a fost nevoit\u0103 s\u0103-\u015fi \u00eentrerup\u0103 apari\u0163ia \u2013 altera continu\u0103 s\u0103 publice cu prioritate studii \u015fi articole dedicate regionalismului \u015fi domeniilor colaterale acestuia. Studiul Ilonei P\u00e1ln\u00e9 Kov\u00e1cs, o reputat\u0103 cercet\u0103toare a domeniului din cadrul Centrului de Studii Regionale al Academiei Ungare, despre evolu\u0163ia regionalismului \u00een Ungaria, unde studiul regionaliz\u0103rii a demarat cu mai bine de trei decenii \u00een urm\u0103, poate fi considerat un autentic ghid practic de regionalizare \u015fi pentru \u0163\u0103rile vecine, chiar dac\u0103 succesele aplicative ale procesului se las\u0103 \u00eenc\u0103 a\u015fteptate \u015fi la ei, \u00een bun\u0103 m\u0103sur\u0103 din cauza tradi\u0163ionalei lipse de voin\u0163\u0103 politic\u0103.<br \/>\u00cen cadrul amintitului domeniu colateral, nu mai pu\u0163in relevant ni se pare a fi \u015fi studiul lui Ioan Codru\u0163 Lucinescu referitor la problematica federal\u0103 \u2013 larg dezb\u0103tut\u0103 \u00een numerele 6, 7 \u015fi 8 ale revistei noastre \u2013, ale c\u0103rui concluzii merit\u0103 s\u0103 fie subliniate: \u201eNu este exagerat\u0103 afirma\u0163ia c\u0103 Rom\u00e2nia se g\u0103se\u015fte \u00een fa\u0163a unei revolu\u0163ii de structur\u0103 a sistemului s\u0103u politic, at\u00eet la nivel institu\u0163ional c\u00eet \u015fi normativ. Integrarea Rom\u00e2niei \u00een UE nu trebuie tratat\u0103 ca o simpl\u0103 strategie de colectare a fondurilor europene de asisten\u0163\u0103 financiar\u0103 sau ca un bonus mediatic pentru guvernul de la Bucure\u015fti. Ea presupune reformarea \u00eentregului mecanism decizional, a modului de implementare a acestuia, precum \u015fi a criteriilor de legitimare politic\u0103 pe care este bazat.\u201d<br \/>\u00cen aceea\u015fi ordine de idei, incitantele interven\u0163ii ale conferen\u0163iarilor de la Universitatea de Var\u0103 \u201eTransilvania\u201d (Ilieni, 2004), o manifestare tradi\u0163ional\u0103 a Centrului Intercultural al Ligii Pro Europa, nu fac dec\u00eet s\u0103 adauge noi accente la dezbaterea privind perspectivele regionale ale reformei statului rom\u00e2n \u00een contextul integr\u0103rii europene. A\u015fteptarea unui r\u0103spuns adecvat din partea elitei politice este legitim\u0103, iar \u00eent\u00eerzierile \u00een acest sens nu vor face dec\u00eet s\u0103 \u00eencarce \u015fi ele costurile integr\u0103rii noastre europene.<\/p><p class=\"western\" align=\"left\">Editorii<br \/>altera 25<\/p><p><span lang=\"zxx\">Editorial<\/span><\/p><p><b>DILEMELE IDENTIT\u0102\u0162II<\/b><br \/>Robert Parkin: Identit\u0103\u0163i \u015fi alian\u0163e regionale \u00eentr-o Europ\u0103 \u00een curs de integrare: o provocare la adresa statului na\u0163ional?<br \/>Viktor Kar\u00e1dy: Dilema supravie\u0163uitorilor: identitatea evreilor maghiari dup\u0103 \u015eoah (19451956)<br \/>Florin Anghel: Identitatea dual\u0103 a unei comunit\u0103\u0163i etnice: poloni \u015fi slovaci \u00een Bucovina, 1937-1944. Manipularea etnic\u0103 \u00een timpul crizelor politice interna\u0163ionale<\/p><p><b>ANALIZ\u0102<\/b><br \/>Ilona P\u00e1ln\u00e9 Kov\u00e1cs: Regionalismul \u00een Ungaria \u015fi \u00een Europa Central\u0103 \u015fi de Est<br \/>Ioan Codru\u0163 Lucinescu: Rom\u00e2nia \u015fi problematica federal\u0103 \u00een secolul XX \u015fi \u00een perspectiva ader\u0103rii la Uniunea European\u0103<\/p><p><b>STUDIU DE CAZ<\/b><br \/>Istv\u00e1n Haller: Discriminarea rasial\u0103 \u00een jude\u0163ele Mure\u015f \u015fi Satu Mare<\/p><p><b>CONVERGEN\u0162E TRANSILVANE<\/b><br \/>Fran\u00e7ois Bocholier: Elitele transilvane, \u00eentre identitatea regional\u0103 \u015fi expansiunea sentimentelor na\u0163ionale<\/p><p><b>DEZBATERE<\/b><br \/>Regionalism \u015fi integrare european\u0103<\/p><p><b>ECUMENICA<\/b><br \/>Vedran Horvat: Biserica \u00een tranzi\u0163ia democratic\u0103 de la stat la societatea civil\u0103<\/p><p><b>RECENZIE<\/b><br \/>Ovidiu Pecican<br \/>Lucian Nastas\u0103, Levente Salat: Maghiarii din Rom\u00e2nia \u015fi etica minoritar\u0103 (1920-1940)<\/p>\t\t\t\t\t\t\t\t<\/div>\n\t\t\t\t<\/div>\n\t\t\t\t\t<\/div>\n\t\t\t\t<\/div>\n\t\t\t\t<\/div>\n\t\t","protected":false},"excerpt":{"rendered":"<p>Altera 25 25_altera_X_2004_liga_Pro_Europa Editorial Revista Altera a ajuns, iat\u0103, la zece ani de prezen\u0163\u0103 ne\u00eentrerupt\u0103 \u00een spa\u0163iul publicistic din Rom\u00e2nia.Lu\u00eend \u00een considerare condi\u0163iile dificile \u00een care a fost editat\u0103 de-a lungul celor zece ani de la apari\u0163ia primului num\u0103r, editorii s-ar putea declara mul\u0163umi\u0163i. Chiar dac\u0103 nu am reu\u015fit s\u0103 respect\u0103m \u00eentotdeauna calendarul apari\u0163iilor, motiv [&hellip;]<\/p>\n","protected":false},"author":2,"featured_media":0,"parent":0,"menu_order":0,"comment_status":"closed","ping_status":"closed","template":"prysm-elementor-full-width.php","meta":{"footnotes":""},"class_list":["post-2158","page","type-page","status-publish","hentry"],"yoast_head":"<!-- This site is optimized with the Yoast SEO plugin v27.4 - https:\/\/yoast.com\/product\/yoast-seo-wordpress\/ -->\n<title>Altera 25 - Liga Pro Europa<\/title>\n<meta name=\"robots\" content=\"index, follow, max-snippet:-1, max-image-preview:large, max-video-preview:-1\" \/>\n<link rel=\"canonical\" href=\"https:\/\/proeuropa.ro\/v2\/altera-25\/\" \/>\n<meta property=\"og:locale\" content=\"en_US\" \/>\n<meta property=\"og:type\" content=\"article\" \/>\n<meta property=\"og:title\" content=\"Altera 25 - Liga Pro Europa\" \/>\n<meta property=\"og:description\" content=\"Altera 25 25_altera_X_2004_liga_Pro_Europa Editorial Revista Altera a ajuns, iat\u0103, la zece ani de prezen\u0163\u0103 ne\u00eentrerupt\u0103 \u00een spa\u0163iul publicistic din Rom\u00e2nia.Lu\u00eend \u00een considerare condi\u0163iile dificile \u00een care a fost editat\u0103 de-a lungul celor zece ani de la apari\u0163ia primului num\u0103r, editorii s-ar putea declara mul\u0163umi\u0163i. Chiar dac\u0103 nu am reu\u015fit s\u0103 respect\u0103m \u00eentotdeauna calendarul apari\u0163iilor, motiv [&hellip;]\" \/>\n<meta property=\"og:url\" content=\"https:\/\/proeuropa.ro\/v2\/altera-25\/\" \/>\n<meta property=\"og:site_name\" content=\"Liga Pro Europa\" \/>\n<meta property=\"article:modified_time\" content=\"2024-05-23T20:16:38+00:00\" \/>\n<meta property=\"og:image\" content=\"https:\/\/proeuropa.ro\/v2\/wp-content\/uploads\/elementor\/thumbs\/a25-qol5gv5btv0y0jcvqtst9bh389khrp879prqaulkao.jpg\" \/>\n<meta name=\"twitter:card\" content=\"summary_large_image\" \/>\n<meta name=\"twitter:label1\" content=\"Est. reading time\" \/>\n\t<meta name=\"twitter:data1\" content=\"5 minutes\" \/>\n<script type=\"application\/ld+json\" class=\"yoast-schema-graph\">{\"@context\":\"https:\\\/\\\/schema.org\",\"@graph\":[{\"@type\":\"WebPage\",\"@id\":\"https:\\\/\\\/proeuropa.ro\\\/v2\\\/altera-25\\\/\",\"url\":\"https:\\\/\\\/proeuropa.ro\\\/v2\\\/altera-25\\\/\",\"name\":\"Altera 25 - Liga Pro Europa\",\"isPartOf\":{\"@id\":\"https:\\\/\\\/proeuropa.ro\\\/v2\\\/#website\"},\"primaryImageOfPage\":{\"@id\":\"https:\\\/\\\/proeuropa.ro\\\/v2\\\/altera-25\\\/#primaryimage\"},\"image\":{\"@id\":\"https:\\\/\\\/proeuropa.ro\\\/v2\\\/altera-25\\\/#primaryimage\"},\"thumbnailUrl\":\"https:\\\/\\\/proeuropa.ro\\\/v2\\\/wp-content\\\/uploads\\\/elementor\\\/thumbs\\\/a25-qol5gv5btv0y0jcvqtst9bh389khrp879prqaulkao.jpg\",\"datePublished\":\"2024-03-21T14:10:17+00:00\",\"dateModified\":\"2024-05-23T20:16:38+00:00\",\"breadcrumb\":{\"@id\":\"https:\\\/\\\/proeuropa.ro\\\/v2\\\/altera-25\\\/#breadcrumb\"},\"inLanguage\":\"en-US\",\"potentialAction\":[{\"@type\":\"ReadAction\",\"target\":[\"https:\\\/\\\/proeuropa.ro\\\/v2\\\/altera-25\\\/\"]}]},{\"@type\":\"ImageObject\",\"inLanguage\":\"en-US\",\"@id\":\"https:\\\/\\\/proeuropa.ro\\\/v2\\\/altera-25\\\/#primaryimage\",\"url\":\"https:\\\/\\\/proeuropa.ro\\\/v2\\\/wp-content\\\/uploads\\\/elementor\\\/thumbs\\\/a25-qol5gv5btv0y0jcvqtst9bh389khrp879prqaulkao.jpg\",\"contentUrl\":\"https:\\\/\\\/proeuropa.ro\\\/v2\\\/wp-content\\\/uploads\\\/elementor\\\/thumbs\\\/a25-qol5gv5btv0y0jcvqtst9bh389khrp879prqaulkao.jpg\"},{\"@type\":\"BreadcrumbList\",\"@id\":\"https:\\\/\\\/proeuropa.ro\\\/v2\\\/altera-25\\\/#breadcrumb\",\"itemListElement\":[{\"@type\":\"ListItem\",\"position\":1,\"name\":\"Prima pagin\u0103\",\"item\":\"https:\\\/\\\/proeuropa.ro\\\/v2\\\/\"},{\"@type\":\"ListItem\",\"position\":2,\"name\":\"Altera 25\"}]},{\"@type\":\"WebSite\",\"@id\":\"https:\\\/\\\/proeuropa.ro\\\/v2\\\/#website\",\"url\":\"https:\\\/\\\/proeuropa.ro\\\/v2\\\/\",\"name\":\"Liga Pro Europa\",\"description\":\"\",\"potentialAction\":[{\"@type\":\"SearchAction\",\"target\":{\"@type\":\"EntryPoint\",\"urlTemplate\":\"https:\\\/\\\/proeuropa.ro\\\/v2\\\/?s={search_term_string}\"},\"query-input\":{\"@type\":\"PropertyValueSpecification\",\"valueRequired\":true,\"valueName\":\"search_term_string\"}}],\"inLanguage\":\"en-US\"}]}<\/script>\n<!-- \/ Yoast SEO plugin. -->","yoast_head_json":{"title":"Altera 25 - Liga Pro Europa","robots":{"index":"index","follow":"follow","max-snippet":"max-snippet:-1","max-image-preview":"max-image-preview:large","max-video-preview":"max-video-preview:-1"},"canonical":"https:\/\/proeuropa.ro\/v2\/altera-25\/","og_locale":"en_US","og_type":"article","og_title":"Altera 25 - Liga Pro Europa","og_description":"Altera 25 25_altera_X_2004_liga_Pro_Europa Editorial Revista Altera a ajuns, iat\u0103, la zece ani de prezen\u0163\u0103 ne\u00eentrerupt\u0103 \u00een spa\u0163iul publicistic din Rom\u00e2nia.Lu\u00eend \u00een considerare condi\u0163iile dificile \u00een care a fost editat\u0103 de-a lungul celor zece ani de la apari\u0163ia primului num\u0103r, editorii s-ar putea declara mul\u0163umi\u0163i. Chiar dac\u0103 nu am reu\u015fit s\u0103 respect\u0103m \u00eentotdeauna calendarul apari\u0163iilor, motiv [&hellip;]","og_url":"https:\/\/proeuropa.ro\/v2\/altera-25\/","og_site_name":"Liga Pro Europa","article_modified_time":"2024-05-23T20:16:38+00:00","og_image":[{"url":"https:\/\/proeuropa.ro\/v2\/wp-content\/uploads\/elementor\/thumbs\/a25-qol5gv5btv0y0jcvqtst9bh389khrp879prqaulkao.jpg","type":"","width":"","height":""}],"twitter_card":"summary_large_image","twitter_misc":{"Est. reading time":"5 minutes"},"schema":{"@context":"https:\/\/schema.org","@graph":[{"@type":"WebPage","@id":"https:\/\/proeuropa.ro\/v2\/altera-25\/","url":"https:\/\/proeuropa.ro\/v2\/altera-25\/","name":"Altera 25 - Liga Pro Europa","isPartOf":{"@id":"https:\/\/proeuropa.ro\/v2\/#website"},"primaryImageOfPage":{"@id":"https:\/\/proeuropa.ro\/v2\/altera-25\/#primaryimage"},"image":{"@id":"https:\/\/proeuropa.ro\/v2\/altera-25\/#primaryimage"},"thumbnailUrl":"https:\/\/proeuropa.ro\/v2\/wp-content\/uploads\/elementor\/thumbs\/a25-qol5gv5btv0y0jcvqtst9bh389khrp879prqaulkao.jpg","datePublished":"2024-03-21T14:10:17+00:00","dateModified":"2024-05-23T20:16:38+00:00","breadcrumb":{"@id":"https:\/\/proeuropa.ro\/v2\/altera-25\/#breadcrumb"},"inLanguage":"en-US","potentialAction":[{"@type":"ReadAction","target":["https:\/\/proeuropa.ro\/v2\/altera-25\/"]}]},{"@type":"ImageObject","inLanguage":"en-US","@id":"https:\/\/proeuropa.ro\/v2\/altera-25\/#primaryimage","url":"https:\/\/proeuropa.ro\/v2\/wp-content\/uploads\/elementor\/thumbs\/a25-qol5gv5btv0y0jcvqtst9bh389khrp879prqaulkao.jpg","contentUrl":"https:\/\/proeuropa.ro\/v2\/wp-content\/uploads\/elementor\/thumbs\/a25-qol5gv5btv0y0jcvqtst9bh389khrp879prqaulkao.jpg"},{"@type":"BreadcrumbList","@id":"https:\/\/proeuropa.ro\/v2\/altera-25\/#breadcrumb","itemListElement":[{"@type":"ListItem","position":1,"name":"Prima pagin\u0103","item":"https:\/\/proeuropa.ro\/v2\/"},{"@type":"ListItem","position":2,"name":"Altera 25"}]},{"@type":"WebSite","@id":"https:\/\/proeuropa.ro\/v2\/#website","url":"https:\/\/proeuropa.ro\/v2\/","name":"Liga Pro Europa","description":"","potentialAction":[{"@type":"SearchAction","target":{"@type":"EntryPoint","urlTemplate":"https:\/\/proeuropa.ro\/v2\/?s={search_term_string}"},"query-input":{"@type":"PropertyValueSpecification","valueRequired":true,"valueName":"search_term_string"}}],"inLanguage":"en-US"}]}},"_links":{"self":[{"href":"https:\/\/proeuropa.ro\/v2\/wp-json\/wp\/v2\/pages\/2158","targetHints":{"allow":["GET"]}}],"collection":[{"href":"https:\/\/proeuropa.ro\/v2\/wp-json\/wp\/v2\/pages"}],"about":[{"href":"https:\/\/proeuropa.ro\/v2\/wp-json\/wp\/v2\/types\/page"}],"author":[{"embeddable":true,"href":"https:\/\/proeuropa.ro\/v2\/wp-json\/wp\/v2\/users\/2"}],"replies":[{"embeddable":true,"href":"https:\/\/proeuropa.ro\/v2\/wp-json\/wp\/v2\/comments?post=2158"}],"version-history":[{"count":22,"href":"https:\/\/proeuropa.ro\/v2\/wp-json\/wp\/v2\/pages\/2158\/revisions"}],"predecessor-version":[{"id":4866,"href":"https:\/\/proeuropa.ro\/v2\/wp-json\/wp\/v2\/pages\/2158\/revisions\/4866"}],"wp:attachment":[{"href":"https:\/\/proeuropa.ro\/v2\/wp-json\/wp\/v2\/media?parent=2158"}],"curies":[{"name":"wp","href":"https:\/\/api.w.org\/{rel}","templated":true}]}}