{"version":"1.0","provider_name":"Liga Pro Europa","provider_url":"https:\/\/proeuropa.ro\/v2","author_name":"Marton Ildiko","author_url":"https:\/\/proeuropa.ro\/v2\/author\/ildiko\/","title":"Nacionalizmus vagy demokr\u00e1cia ? - Liga Pro Europa","type":"rich","width":600,"height":338,"html":"<blockquote class=\"wp-embedded-content\" data-secret=\"Sg49nCgBwm\"><a href=\"https:\/\/proeuropa.ro\/v2\/nacionalizmus-vagy-demokracia\/\">Nacionalizmus vagy demokr\u00e1cia ?<\/a><\/blockquote><iframe sandbox=\"allow-scripts\" security=\"restricted\" src=\"https:\/\/proeuropa.ro\/v2\/nacionalizmus-vagy-demokracia\/embed\/#?secret=Sg49nCgBwm\" width=\"600\" height=\"338\" title=\"&#8220;Nacionalizmus vagy demokr\u00e1cia ?&#8221; &#8212; Liga Pro Europa\" data-secret=\"Sg49nCgBwm\" frameborder=\"0\" marginwidth=\"0\" marginheight=\"0\" scrolling=\"no\" class=\"wp-embedded-content\"><\/iframe><script type=\"text\/javascript\">\n\/* <![CDATA[ *\/\n\/*! This file is auto-generated *\/\n!function(d,l){\"use strict\";l.querySelector&&d.addEventListener&&\"undefined\"!=typeof URL&&(d.wp=d.wp||{},d.wp.receiveEmbedMessage||(d.wp.receiveEmbedMessage=function(e){var t=e.data;if((t||t.secret||t.message||t.value)&&!\/[^a-zA-Z0-9]\/.test(t.secret)){for(var s,r,n,a=l.querySelectorAll('iframe[data-secret=\"'+t.secret+'\"]'),o=l.querySelectorAll('blockquote[data-secret=\"'+t.secret+'\"]'),c=new RegExp(\"^https?:$\",\"i\"),i=0;i<o.length;i++)o[i].style.display=\"none\";for(i=0;i<a.length;i++)s=a[i],e.source===s.contentWindow&&(s.removeAttribute(\"style\"),\"height\"===t.message?(1e3<(r=parseInt(t.value,10))?r=1e3:~~r<200&&(r=200),s.height=r):\"link\"===t.message&&(r=new URL(s.getAttribute(\"src\")),n=new URL(t.value),c.test(n.protocol))&&n.host===r.host&&l.activeElement===s&&(d.top.location.href=t.value))}},d.addEventListener(\"message\",d.wp.receiveEmbedMessage,!1),l.addEventListener(\"DOMContentLoaded\",function(){for(var e,t,s=l.querySelectorAll(\"iframe.wp-embedded-content\"),r=0;r<s.length;r++)(t=(e=s[r]).getAttribute(\"data-secret\"))||(t=Math.random().toString(36).substring(2,12),e.src+=\"#?secret=\"+t,e.setAttribute(\"data-secret\",t)),e.contentWindow.postMessage({message:\"ready\",secret:t},\"*\")},!1)))}(window,document);\n\/\/# sourceURL=https:\/\/proeuropa.ro\/v2\/wp-includes\/js\/wp-embed.min.js\n\/* ]]> *\/\n<\/script>\n","description":"Nacionalizmus vagy demokr\u00e1cia ? roth-endre_nacionalizmus-vagy-demokratizmus_2000 TARTALOMJEGYZ\u00c9K EL\u0151sz\u00f3 11 ELS\u0150 R\u00c9SZ: A NACIONALIZMUS 13 I. NEMZETI T\u00d6BBSEG \u00c9S ETNIKAI KISEBBS\u00c9GEK: URALOM VAGY DEMOKR\u00e1CIA? 15 I. A nemzet \u00e9s a nemzeti k\u00e9rd\u00e9s a modern t\u00e1rsadalomban 152. T\u00f6bbs\u00e9g \u00e9s kisebbs\u00e9gek Rom\u00e1ni\u00e1ban: szocio-demogr\u00e1fiai adatok \u00e9s t\u00e1rsadalmi problem\u00e1k 193. A nacionalizmus: antidemokratizmus, antimodernizmus, nyugat-elleness\u00e9g 254. A nacionalista paradigma 325. Nacionalizmus [&hellip;]","thumbnail_url":"https:\/\/proeuropa.ro\/v2\/wp-content\/uploads\/elementor\/thumbs\/s-roth-endre_nacionalizmus-vagy-demokratizmus_2000-qoxkk8nf18dq6vxe254b1pg5gtiigqr1ifbyydtqf4.jpg"}

Nacionalizmus vagy demokrácia ? - Liga Pro Europa

<blockquote class="wp-embedded-content" data-secret="Sg49nCgBwm"><a href="https://proeuropa.ro/v2/nacionalizmus-vagy-demokracia/">Nacionalizmus vagy demokrácia ?</a></blockquote><iframe sandbox="allow-scripts" security="restricted" src="https://proeuropa.ro/v2/nacionalizmus-vagy-demokracia/embed/#?secret=Sg49nCgBwm" width="600" height="338" title="&#8220;Nacionalizmus vagy demokrácia ?&#8221; &#8212; Liga Pro Europa" data-secret="Sg49nCgBwm" frameborder="0" marginwidth="0" marginheight="0" scrolling="no" class="wp-embedded-content"></iframe><script type="text/javascript">
/* <![CDATA[ */
/*! This file is auto-generated */
!function(d,l){"use strict";l.querySelector&&d.addEventListener&&"undefined"!=typeof URL&&(d.wp=d.wp||{},d.wp.receiveEmbedMessage||(d.wp.receiveEmbedMessage=function(e){var t=e.data;if((t||t.secret||t.message||t.value)&&!/[^a-zA-Z0-9]/.test(t.secret)){for(var s,r,n,a=l.querySelectorAll('iframe[data-secret="'+t.secret+'"]'),o=l.querySelectorAll('blockquote[data-secret="'+t.secret+'"]'),c=new RegExp("^https?:$","i"),i=0;i<o.length;i++)o[i].style.display="none";for(i=0;i<a.length;i++)s=a[i],e.source===s.contentWindow&&(s.removeAttribute("style"),"height"===t.message?(1e3<(r=parseInt(t.value,10))?r=1e3:~~r<200&&(r=200),s.height=r):"link"===t.message&&(r=new URL(s.getAttribute("src")),n=new URL(t.value),c.test(n.protocol))&&n.host===r.host&&l.activeElement===s&&(d.top.location.href=t.value))}},d.addEventListener("message",d.wp.receiveEmbedMessage,!1),l.addEventListener("DOMContentLoaded",function(){for(var e,t,s=l.querySelectorAll("iframe.wp-embedded-content"),r=0;r<s.length;r++)(t=(e=s[r]).getAttribute("data-secret"))||(t=Math.random().toString(36).substring(2,12),e.src+="#?secret="+t,e.setAttribute("data-secret",t)),e.contentWindow.postMessage({message:"ready",secret:t},"*")},!1)))}(window,document);
//# sourceURL=https://proeuropa.ro/v2/wp-includes/js/wp-embed.min.js
/* ]]> */
</script>

Nacionalizmus vagy demokrácia ? roth-endre_nacionalizmus-vagy-demokratizmus_2000 TARTALOMJEGYZÉK ELőszó 11 ELSŐ RÉSZ: A NACIONALIZMUS 13 I. NEMZETI TÖBBSEG ÉS ETNIKAI KISEBBSÉGEK: URALOM VAGY DEMOKRáCIA? 15 I. A nemzet és a nemzeti kérdés a modern társadalomban 152. Többség és kisebbségek Romániában: szocio-demográfiai adatok és társadalmi problemák 193. A nacionalizmus: antidemokratizmus, antimodernizmus, nyugat-ellenesség 254. A nacionalista paradigma 325. Nacionalizmus [&hellip;]
