{"version":"1.0","provider_name":"Liga Pro Europa","provider_url":"https:\/\/proeuropa.ro\/v2","author_name":"Marton Ildiko","author_url":"https:\/\/proeuropa.ro\/v2\/author\/ildiko\/","title":"Altera 11 - Liga Pro Europa","type":"rich","width":600,"height":338,"html":"<blockquote class=\"wp-embedded-content\" data-secret=\"7WUyxOL9Cr\"><a href=\"https:\/\/proeuropa.ro\/v2\/altera-11\/\">Altera 11<\/a><\/blockquote><iframe sandbox=\"allow-scripts\" security=\"restricted\" src=\"https:\/\/proeuropa.ro\/v2\/altera-11\/embed\/#?secret=7WUyxOL9Cr\" width=\"600\" height=\"338\" title=\"&#8220;Altera 11&#8221; &#8212; Liga Pro Europa\" data-secret=\"7WUyxOL9Cr\" frameborder=\"0\" marginwidth=\"0\" marginheight=\"0\" scrolling=\"no\" class=\"wp-embedded-content\"><\/iframe><script type=\"text\/javascript\">\n\/* <![CDATA[ *\/\n\/*! This file is auto-generated *\/\n!function(d,l){\"use strict\";l.querySelector&&d.addEventListener&&\"undefined\"!=typeof URL&&(d.wp=d.wp||{},d.wp.receiveEmbedMessage||(d.wp.receiveEmbedMessage=function(e){var t=e.data;if((t||t.secret||t.message||t.value)&&!\/[^a-zA-Z0-9]\/.test(t.secret)){for(var s,r,n,a=l.querySelectorAll('iframe[data-secret=\"'+t.secret+'\"]'),o=l.querySelectorAll('blockquote[data-secret=\"'+t.secret+'\"]'),c=new RegExp(\"^https?:$\",\"i\"),i=0;i<o.length;i++)o[i].style.display=\"none\";for(i=0;i<a.length;i++)s=a[i],e.source===s.contentWindow&&(s.removeAttribute(\"style\"),\"height\"===t.message?(1e3<(r=parseInt(t.value,10))?r=1e3:~~r<200&&(r=200),s.height=r):\"link\"===t.message&&(r=new URL(s.getAttribute(\"src\")),n=new URL(t.value),c.test(n.protocol))&&n.host===r.host&&l.activeElement===s&&(d.top.location.href=t.value))}},d.addEventListener(\"message\",d.wp.receiveEmbedMessage,!1),l.addEventListener(\"DOMContentLoaded\",function(){for(var e,t,s=l.querySelectorAll(\"iframe.wp-embedded-content\"),r=0;r<s.length;r++)(t=(e=s[r]).getAttribute(\"data-secret\"))||(t=Math.random().toString(36).substring(2,12),e.src+=\"#?secret=\"+t,e.setAttribute(\"data-secret\",t)),e.contentWindow.postMessage({message:\"ready\",secret:t},\"*\")},!1)))}(window,document);\n\/\/# sourceURL=https:\/\/proeuropa.ro\/v2\/wp-includes\/js\/wp-embed.min.js\n\/* ]]> *\/\n<\/script>\n","description":"Altera 11 11_altera_V_1999_liga_Pro_Europa EditorialO EUROP\u0102 A REGIUNILOR Claudio Scarpulla: O Europ\u0103 a regiunilor: realitate, provoc\u0103ri \u015fi perspectiveMihai Chioveanu: Regionalism \u015fi ideologie na\u0163ional\u0103. Cazul Rom\u00e2niei Mari (1918-1938)Gy\u00f6rgy \u00c9ger: Euroregiunile \u00een Est \u015fi \u00een VestJosef Langer: Re\u0163eaua economic\u0103 \u00een regiunea Alpilor Adriatici. Situa\u0163ia din Austria de Sud ANALIZ\u0102George Sch\u00f6pflin: Ra\u0163iune, identitate \u015fi putere STUDIU DE CAZS\u00e1ndor Ol\u00e1h: [&hellip;]","thumbnail_url":"https:\/\/proeuropa.ro\/v2\/wp-content\/uploads\/elementor\/thumbs\/a11-qlcgbx0y7bkj8f9tnlgfry0vgmy7r85ckixmcac6a8.jpg"}

Altera 11 11_altera_V_1999_liga_Pro_Europa EditorialO EUROPĂ A REGIUNILOR Claudio Scarpulla: O Europă a regiunilor: realitate, provocări şi perspectiveMihai Chioveanu: Regionalism şi ideologie naţională. Cazul României Mari (1918-1938)György Éger: Euroregiunile în Est şi în VestJosef Langer: Reţeaua economică în regiunea Alpilor Adriatici. Situaţia din Austria de Sud ANALIZĂGeorge Schöpflin: Raţiune, identitate şi putere STUDIU DE CAZSándor Oláh: [&hellip;]
